- 334. Let k(b) = -b**2 + 4*b - 2. Let p be k(2). What is z(p)?
1
Let g(t) = 13*t**3 + 8*t**2 + 10*t + 4. Let v(u) = 15*u**3 + 9*u**2 + 12*u + 4. Let b(c) = 7*g(c) - 6*v(c). Let p(o) = -3*o. Let m be p(1). Give b(m).
1
Let g(h) = h**2 + 9*h + 8. Let j be 5/(5/(-2)) - -10. Suppose -z - j = 3*z. Let d be z/(4/(-6)) + -9. What is g(d)?
-10
Let u(v) = 2*v + 1. Let l be (-8)/(112/7)*-32. Suppose 5*y + 5 = 3*t - 4*t, -3*y - 69 = 5*t. Let w = l + t. Give u(w).
3
Let x(o) = o**2 + 43*o - 12*o + o**3 - 35*o. Let y = -4 - -1. Give x(y).
-6
Let m be (-1967)/(-63) + 6/(-27). Let c = 24 - m. Let u(a) = -a - 8. Calculate u(c).
-1
Let k(t) = -t**2 - 5*t + 9. Let u(v) be the third derivative of -5/2*v**3 + 0 - 9*v**2 - 1/24*v**4 + 0*v. Let o be u(-8). Calculate k(o).
-5
Let q be ((-4)/8)/(2/(-4)). Let m(o) = o + 8*o**2 - 20 + 2 + 17. Determine m(q).
8
Let m = 59 + -59. Suppose 19*v - 114 = -m. Let s(g) = -g**3 + 6*g**2 - 5. Determine s(v).
-5
Suppose 5*z - 7 = 4*r, 3*z = -0*z - 2*r + 13. Suppose 4*o - 1 - z = 0. Let b(y) = 17*y - 5. Let p(x) = -15*x + 4. Let a(v) = -3*b(v) - 4*p(v). What is a(o)?
8
Let u(j) be the second derivative of j**3 - 24*j - 1. Suppose -11 = -2*o - 5*n - 3, -20 = -5*o + 2*n. Let s(f) = -f. Let t(l) = o*u(l) + 21*s(l). Give t(2).
6
Let t(n) = n**3 + 4*n**2 - 4*n. Suppose 0 = -3*m - 1 - 8. Let b = m + 7. Suppose -15 = b*d + 5. Give t(d).
-5
Let i be 225/(-30)*(-4)/5. Let l(o) = 4*o**2 + 2 - 3*o**2 + 0*o**2 - 2*o**2 - i*o. Give l(-3).
11
Let c(x) = -2*x**3 - 10*x**2 - 22*x + 42. Let r(n) = n**3 + 4*n**2 + 9*n - 17. Let u(v) = -5*c(v) - 12*r(v). What is u(2)?
-10
Suppose 0 = -79*i + 59*i + 60. Let z(l) = -l**2 - l - 1. Give z(i).
-13
Suppose -5*s + 15 = -5*j, -2*s - j + 9 = 3*s. Let l(n) be the third derivative of n**4/3 - n**3/3 - 271*n**2. Calculate l(s).
14
Let q(t) = 5*t**3 - 3*t**2 - t - 7. Let u(v) = -2 + 1 - 18*v**2 + 18*v**2 + v**3. Let b(a) = -q(a) + 6*u(a). What is b(-2)?
3
Suppose 4*w = -3*i - 38, -3*i = 2*i + 4*w + 50. Let x(u) = u**3 + 6*u**2 + 5. Let j be x(i). Let v(n) = -20 + 12 + 2 - n + 3. Give v(j).
-8
Let g(y) = y**3 - 2*y**2 - 2*y + 2. Suppose -43 = -2*j + 3*c, 3*c - 2 = -5. Let d = j + -3. Let u = d - 15. Determine g(u).
-2
Let n(f) = -2*f**3 - 2. Let b be -1 - (11/((-33)/(-54)))/(-2). Let k(p) = 2*p - 18. Let q be k(b). Calculate n(q).
14
Let p(v) = -1 - v**3 + 756*v - v**2 + 5 - 1501*v + 747*v. Calculate p(2).
-4
Let o(a) = -a**2 - 10*a - 14. Let g be o(-8). Let y(j) = 5*j**2 + 5*j + 5*j**g - 16*j**2 + j**3 - 1 + 7. Let r be 0 + (-1 - -1) + 5. What is y(r)?
6
Let g(z) be the second derivative of -1/5*z**5 + 0*z**4 + 0 + 4*z - 1/2*z**2 + 1/6*z**3. Suppose 2*o - d + 8 = d, -o - 24 = -5*d. Determine g(o).
-4
Let d(t) be the third derivative of -t**4/24 - t**3/3 + t**2. Let v(f) = -f**3 + 8*f**2 - 42*f + 81. Let u be v(3). What is d(u)?
-2
Let m(w) = -w + 1. Let o(t) = -t**2 + 6*t + 12. Let q be o(6). Suppose 4*v = 3*h - 2, -5*h - 2*v + q = -0*v. Give m(h).
-1
Let r(k) be the third derivative of 0 + 1/60*k**5 + 1/4*k**4 + 0*k - 5*k**2 + 4/3*k**3. Let f = -11 - -5. Calculate r(f).
8
Let p be (-1)/(-1 - 4/(-6)). Let i(z) = -z**3 + 3*z**2 + 2*z - 2. Let l be i(p). Let r(d) = 5*d**2 + 4*d**2 - l*d**2 - 4*d - 4*d**2 - 3. Determine r(4).
-3
Let x(s) be the second derivative of 7/12*s**4 + 0*s**2 + 0 - 13*s - 1/20*s**5 - 1/2*s**3. Calculate x(7).
-21
Let l(t) = -t**2 + 6*t + 6. Let x(g) = -g**3 - 4*g**2 + 4*g + 12. Let z be x(-5). Suppose -z*p = -7*p - 60. Calculate l(p).
6
Let u(y) = y**2 - 4*y - 8. Let h(s) be the first derivative of -s**4/4 + 5*s**3/3 + 7*s**2/2 + 1. Let l be h(6). What is u(l)?
4
Let g(i) = -3*i - 4. Let k(x) = -2*x + 1. Let z(c) = -g(c) - 3*k(c). Let h be -2 + (2 - (1 + -2)). Calculate z(h).
10
Let x(k) = k**2 - 10*k + 5. Let r be (-80)/600 - 4/30*-16. Suppose 5 = y - 3*q + r*q, 3*q = 15. Determine x(y).
5
Let z = 34 - 23. Let f = z - 18. Let g(o) be the first derivative of o**3/3 + 4*o**2 + 4*o + 50. Calculate g(f).
-3
Suppose 3*h = -4*d - 22 - 2, -15 = d + 3*h. Let f be 12/(-14)*(-4 + d). Let w(m) = 5*m - 1 - 10*m**2 - m**3 + 10*m**2 + 2*m + 5*m**2. What is w(f)?
5
Let c(l) = -7*l - 3. Let q be c(-3). Suppose 2*s - q = -0*s. Let t(j) = 3*j**2 + 0*j**3 - s*j**2 + 2*j**3 + j - 3*j**3. What is t(-6)?
-6
Suppose 5*p + 18 = -4*w, 2*w = 4*p - 2 + 6. Let m(d) = 7*d + 2. What is m(p)?
-12
Let w(i) = -i**3 - 7*i**2 + 8*i - 12. Let g be 4/10*(-68 - -48). Give w(g).
-12
Let f(t) = -t**3 + 8*t**2 - 10*t + 5. Suppose -76*j = -3*b - 72*j + 1, -3*j = 3*b - 36. Give f(b).
-16
Let y(s) = 2*s + 2. Suppose 6*f = 3*f + 12. Suppose 0 = -2*w + f. Suppose 2*z + 0*z + 16 = -w*g, 0 = -g - 2*z - 11. What is y(g)?
-8
Let m(w) = 3*w**3 - 12*w**2 + 36*w + 1. Let a(x) = 5*x**3 - 18*x**2 + 56*x + 1. Let i(s) = 5*a(s) - 8*m(s). Determine i(-7).
4
Suppose 4*m = 2*x, 2*m - 4*x + 14 = m. Let i(o) = 3*o + 2 - m + o. Give i(1).
4
Let t(k) = 7*k + 4 - 2*k + 0*k + k**2. Let a = -51 - -18. Let u = 30 + a. Calculate t(u).
-2
Let n = 32 - 20. Let v(w) = 0 - n + w - 6. Let x(d) = -d - 5. Let i be x(-5). What is v(i)?
-18
Let l(q) = q**2 + 11*q - 2. Suppose -108*r - 44 = 4*x - 105*r, -4*r = -3*x - 33. Calculate l(x).
-2
Let a(h) = 6*h**3 + h**2 + 2*h + 1. Let l(j) = j**2 + 51*j + 187. Let q be l(-4). Give a(q).
-6
Let m(p) be the second derivative of p**4/12 - 8*p**3/3 + 31*p**2/2 - 298*p. Determine m(14).
3
Suppose 0 = -3*s - s - 48. Let d = 22 + s. Suppose 6 + d = 4*p. Let w(i) = 4*i - 4. Give w(p).
12
Let o be 0/(-1 + (-1 - -4)). Suppose -4*r + 0 - 8 = o. Let i be ((-3)/5)/(r/10). Let h(f) = -f**2 + 2*f - 3. What is h(i)?
-6
Let q(c) = 2*c**2 + 11*c + 5. Let y be q(-9). Let b(v) = -y*v + v**2 + 63*v - 2*v**2 + v**3 + 3. Calculate b(3).
6
Let l(a) = -5*a + 3. Let n(t) = 2*t - 1. Let g be n(-1). Let j be (-6)/(-1 + g + 2). Let p be j/7 + 75/21. What is l(p)?
-17
Let c(l) = -1 + 7 - 12*l + 3. Let s(p) = 3*p - 2. Let i(r) = 4*c(r) + 15*s(r). What is i(6)?
-12
Let g(v) = -v**2 - 7*v + 3. Let m be g(-6). Let y = m - 4. Let x(q) = 4*q + 3*q + 3 - y*q. Calculate x(-4).
-5
Suppose 0*i - 4 = i + 4*x, 2*x + 2 = 2*i. Let z = -78 + 83. Let h(r) = i*r + r**2 - 2*r - z*r**2. Determine h(-2).
-12
Let l(k) be the third derivative of k**4/24 - 5*k**3/6 + 30*k**2. Determine l(6).
1
Let k(x) be the second derivative of x**4/12 - 2*x**3/3 - 9*x**2/2 - 36*x - 4. Give k(6).
3
Let j(t) = 2*t**2 - 5*t + 4. Let i = -794 + 799. Give j(i).
29
Suppose 2*w + w = 2*d + 38, 6 = w - 2*d. Let c(g) = 5*g**2 + 3*g**2 + 36*g - 10*g - g**3 - w*g - 7. Determine c(9).
2
Let r(u) = -4*u**2 - u. Let g be 2/7 - 48/(-28) - 3. Determine r(g).
-3
Suppose -y + 3 = 2*l + 4, 3*l = -3*y. Let o be (4/3)/(y/(-3)). Let j(g) = -g + 1. Let k(c) = -6. Let h(q) = -j(q) - k(q). Give h(o).
1
Let r(a) = a**2 + 20*a + 7. Let t(v) = -v**2 - 23*v - 8. Let g(d) = -7*r(d) - 6*t(d). Give g(3).
-16
Let k(w) be the third derivative of -1/2*w**3 - 2*w**2 + 0 - 1/60*w**5 - 5/24*w**4 + 0*w. Let c be 0 + -2 - 0 - 2. Determine k(c).
1
Let y be 18/(-6) - -4 - 10/(-2). Let j(k) = -k + 8. Let o be j(y). Let b(s) = s**2 - 2. Determine b(o).
2
Let u(r) be the first derivative of 15 + 5/2*r**2 + 6*r - 1/3*r**3. Calculate u(5).
6
Suppose 161*f - 174*f = 130. Let d(w) = -w - 20. Calculate d(f).
-10
Let k = -8 + 4. Let b be 6 + (-177)/(-21) + 3/(-7). Let r(s) = -s + 5 + 2 - b + 3. Determine r(k).
0
Suppose -3*f = -5*n - 59, -34 = 6*n - 2*n + 2*f. Let z(c) = -c**3 - 9*c**2 + 9*c - 11. Give z(n).
-1
Let i(j) be the third derivative of 17*j**4/24 - 13*j**3/6 + 392*j**2. Give i(1).
4
Let a(q) = 2*q**2 - 7*q - 6. Let v be a(-1). Let b(g) be the second derivative of g**4/12 - g**3/2 + g**2 - 2*g. Calculate b(v).
2
Suppose -4*l + 4*a = -32, 1 = l + 5*a + 5. Let t(s) be the third derivative of 1/24*s**4 + 16*s**2 + 0*s - 5/6*s**3 + 0. Give t(l).
1
Let t(i) = -9*i - 2. Let b = -782 + 783. Calculate t(b).
-11
Let v be (3 + 3)/(4/((-16)/(-6))). Let u(r) = -v*r**2 + 5*r**2 + 2*r**3 - 2*r**3 - r**3. What is u(2)?
-4
Let r(w) = -9*w**3 - 2*w**2 - 2*w - 1. Let p be r(-1). Suppose -5*u = -p*u + 3. Let z be -4 + (3/u - 1). Let g(d) = -2*d - 3. Calculate g(z).
1
Suppose a = 5, 4*l - 11 = a - 4. Let u(m) = m**3 - 5*m**2 - 3*m + 1. Determine u(l).
-26
Let k = -2 - -4. Suppose -11 = k*j - 3*d, 0 = j - 2*j - d + 2. Let g(p) = 6*p**2 + 1 + 0